[INFO] cloning repository https://github.com/Saryio/minion-bot
[INFO] running `Command { std: "git" "-c" "credential.helper=" "-c" "credential.helper=/workspace/cargo-home/bin/git-credential-null" "clone" "--bare" "https://github.com/Saryio/minion-bot" "/workspace/cache/git-repos/https%3A%2F%2Fgithub.com%2FSaryio%2Fminion-bot", kill_on_drop: false }`
[INFO] [stderr] Cloning into bare repository '/workspace/cache/git-repos/https%3A%2F%2Fgithub.com%2FSaryio%2Fminion-bot'...
[INFO] running `Command { std: "git" "rev-parse" "HEAD", kill_on_drop: false }`
[INFO] [stdout] 5e2b4c9bc3834ca5ea59359955bd8a385b42352b
[INFO] checking Saryio/minion-bot against master#9610dfe5a9a731ced1ea4923ecbd0c57fe367898 for beta-170-4
[INFO] running `Command { std: "git" "clone" "/workspace/cache/git-repos/https%3A%2F%2Fgithub.com%2FSaryio%2Fminion-bot" "/workspace/builds/worker-3-tc1/source", kill_on_drop: false }`
[INFO] [stderr] Cloning into '/workspace/builds/worker-3-tc1/source'...
[INFO] [stderr] done.
[INFO] validating manifest of git repo https://github.com/Saryio/minion-bot on toolchain 9610dfe5a9a731ced1ea4923ecbd0c57fe367898
[INFO] running `Command { std: CARGO_HOME="/workspace/cargo-home" RUSTUP_HOME="/workspace/rustup-home" "/workspace/cargo-home/bin/cargo" "+9610dfe5a9a731ced1ea4923ecbd0c57fe367898" "metadata" "--manifest-path" "Cargo.toml" "--no-deps", kill_on_drop: false }`
[INFO] started tweaking git repo https://github.com/Saryio/minion-bot
[INFO] finished tweaking git repo https://github.com/Saryio/minion-bot
[INFO] tweaked toml for git repo https://github.com/Saryio/minion-bot written to /workspace/builds/worker-3-tc1/source/Cargo.toml
[INFO] crate git repo https://github.com/Saryio/minion-bot already has a lockfile, it will not be regenerated
[INFO] running `Command { std: CARGO_HOME="/workspace/cargo-home" RUSTUP_HOME="/workspace/rustup-home" "/workspace/cargo-home/bin/cargo" "+9610dfe5a9a731ced1ea4923ecbd0c57fe367898" "fetch" "--manifest-path" "Cargo.toml", kill_on_drop: false }`
[INFO] running `Command { std: "docker" "create" "-v" "/var/lib/crater-agent-workspace/builds/worker-3-tc1/target:/opt/rustwide/target:rw,Z" "-v" "/var/lib/crater-agent-workspace/builds/worker-3-tc1/source:/opt/rustwide/workdir:ro,Z" "-v" "/var/lib/crater-agent-workspace/cargo-home:/opt/rustwide/cargo-home:ro,Z" "-v" "/var/lib/crater-agent-workspace/rustup-home:/opt/rustwide/rustup-home:ro,Z" "-e" "SOURCE_DIR=/opt/rustwide/workdir" "-e" "CARGO_TARGET_DIR=/opt/rustwide/target" "-e" "CARGO_HOME=/opt/rustwide/cargo-home" "-e" "RUSTUP_HOME=/opt/rustwide/rustup-home" "-w" "/opt/rustwide/workdir" "-m" "1610612736" "--user" "0:0" "--network" "none" "ghcr.io/rust-lang/crates-build-env/linux@sha256:19e73879b68f455e41552ea35293514db52ea292d993f571636dbffedb77a1ee" "/opt/rustwide/cargo-home/bin/cargo" "+9610dfe5a9a731ced1ea4923ecbd0c57fe367898" "metadata" "--no-deps" "--format-version=1", kill_on_drop: false }`
[INFO] [stdout] 5c7949a89017f1a93b302af75d52cae2513ecd2a942e92b083468ca590579bfd
[INFO] running `Command { std: "docker" "start" "-a" "5c7949a89017f1a93b302af75d52cae2513ecd2a942e92b083468ca590579bfd", kill_on_drop: false }`
[INFO] running `Command { std: "docker" "inspect" "5c7949a89017f1a93b302af75d52cae2513ecd2a942e92b083468ca590579bfd", kill_on_drop: false }`
[INFO] running `Command { std: "docker" "rm" "-f" "5c7949a89017f1a93b302af75d52cae2513ecd2a942e92b083468ca590579bfd", kill_on_drop: false }`
[INFO] [stdout] 5c7949a89017f1a93b302af75d52cae2513ecd2a942e92b083468ca590579bfd
[INFO] running `Command { std: "docker" "create" "-v" "/var/lib/crater-agent-workspace/builds/worker-3-tc1/target:/opt/rustwide/target:rw,Z" "-v" "/var/lib/crater-agent-workspace/builds/worker-3-tc1/source:/opt/rustwide/workdir:ro,Z" "-v" "/var/lib/crater-agent-workspace/cargo-home:/opt/rustwide/cargo-home:ro,Z" "-v" "/var/lib/crater-agent-workspace/rustup-home:/opt/rustwide/rustup-home:ro,Z" "-e" "SOURCE_DIR=/opt/rustwide/workdir" "-e" "CARGO_TARGET_DIR=/opt/rustwide/target" "-e" "CARGO_INCREMENTAL=0" "-e" "RUST_BACKTRACE=full" "-e" "RUSTFLAGS=--cap-lints=forbid" "-e" "RUSTDOCFLAGS=--cap-lints=forbid" "-e" "CARGO_HOME=/opt/rustwide/cargo-home" "-e" "RUSTUP_HOME=/opt/rustwide/rustup-home" "-w" "/opt/rustwide/workdir" "-m" "1610612736" "--user" "0:0" "--network" "none" "ghcr.io/rust-lang/crates-build-env/linux@sha256:19e73879b68f455e41552ea35293514db52ea292d993f571636dbffedb77a1ee" "/opt/rustwide/cargo-home/bin/cargo" "+9610dfe5a9a731ced1ea4923ecbd0c57fe367898" "check" "--frozen" "--all" "--all-targets" "--message-format=json", kill_on_drop: false }`
[INFO] [stdout] 4309600b78fe4bd096c188739d983f3b6cc42c4f08f4f038fdc24b67464ccf32
[INFO] running `Command { std: "docker" "start" "-a" "4309600b78fe4bd096c188739d983f3b6cc42c4f08f4f038fdc24b67464ccf32", kill_on_drop: false }`
[INFO] [stderr]    Compiling rust-bot v0.1.0 (/opt/rustwide/workdir)
[INFO] [stdout] error[E0599]: no method named `readline` found for struct `Stdin` in the current scope
[INFO] [stdout]   --> src/commands/open.rs:12:26
[INFO] [stdout]    |
[INFO] [stdout] 12 |         std::io::stdin().readline(&mut input).unwrap();
[INFO] [stdout]    |                          ^^^^^^^^ help: there is a method with a similar name: `read_line`
[INFO] [stdout] 
[INFO] [stdout] 
[INFO] [stdout] error[E0023]: this pattern has 0 fields, but the corresponding tuple variant has 1 field
[INFO] [stdout]   --> src/commands/open.rs:14:13
[INFO] [stdout]    |
[INFO] [stdout] 14 |             Ok() => "Opening ".tostring() + input.trim(),
[INFO] [stdout]    |             ^^^^ expected 1 field, found 0
[INFO] [stdout]   --> /rustc/9610dfe5a9a731ced1ea4923ecbd0c57fe367898/library/core/src/result.rs:506:54
[INFO] [stdout]    |
[INFO] [stdout]    = note: tuple variant has 1 field
[INFO] [stdout]    |
[INFO] [stdout] help: use `_` to explicitly ignore each field
[INFO] [stdout]    |
[INFO] [stdout] 14 |             Ok(_) => "Opening ".tostring() + input.trim(),
[INFO] [stdout]    |                +
[INFO] [stdout] help: use `..` to ignore all fields
[INFO] [stdout]    |
[INFO] [stdout] 14 |             Ok(..) => "Opening ".tostring() + input.trim(),
[INFO] [stdout]    |                ++
[INFO] [stdout] 
[INFO] [stdout] 
[INFO] [stdout] error[E0023]: this pattern has 0 fields, but the corresponding tuple variant has 1 field
[INFO] [stdout]   --> src/commands/open.rs:15:13
[INFO] [stdout]    |
[INFO] [stdout] 15 |             Err() => "Failed to open ".to_string() + input.trim(),
[INFO] [stdout]    |             ^^^^^ expected 1 field, found 0
[INFO] [stdout]   --> /rustc/9610dfe5a9a731ced1ea4923ecbd0c57fe367898/library/core/src/result.rs:511:55
[INFO] [stdout]    |
[INFO] [stdout]    = note: tuple variant has 1 field
[INFO] [stdout]    |
[INFO] [stdout] help: use `_` to explicitly ignore each field
[INFO] [stdout]    |
[INFO] [stdout] 15 |             Err(_) => "Failed to open ".to_string() + input.trim(),
[INFO] [stdout]    |                 +
[INFO] [stdout] help: use `..` to ignore all fields
[INFO] [stdout]    |
[INFO] [stdout] 15 |             Err(..) => "Failed to open ".to_string() + input.trim(),
[INFO] [stdout]    |                 ++
[INFO] [stdout] 
[INFO] [stdout] 
[INFO] [stdout] error[E0599]: no method named `readline` found for struct `Stdin` in the current scope
[INFO] [stdout]   --> src/commands/open.rs:12:26
[INFO] [stdout]    |
[INFO] [stdout] 12 |         std::io::stdin().readline(&mut input).unwrap();
[INFO] [stdout]    |                          ^^^^^^^^ help: there is a method with a similar name: `read_line`
[INFO] [stdout] 
[INFO] [stdout] 
[INFO] [stdout] error[E0023]: this pattern has 0 fields, but the corresponding tuple variant has 1 field
[INFO] [stdout]   --> src/commands/open.rs:14:13
[INFO] [stdout]    |
[INFO] [stdout] 14 |             Ok() => "Opening ".tostring() + input.trim(),
[INFO] [stdout]    |             ^^^^ expected 1 field, found 0
[INFO] [stdout]   --> /rustc/9610dfe5a9a731ced1ea4923ecbd0c57fe367898/library/core/src/result.rs:506:54
[INFO] [stdout]    |
[INFO] [stdout]    = note: tuple variant has 1 field
[INFO] [stdout]    |
[INFO] [stdout] help: use `_` to explicitly ignore each field
[INFO] [stdout]    |
[INFO] [stdout] 14 |             Ok(_) => "Opening ".tostring() + input.trim(),
[INFO] [stdout]    |                +
[INFO] [stdout] help: use `..` to ignore all fields
[INFO] [stdout]    |
[INFO] [stdout] 14 |             Ok(..) => "Opening ".tostring() + input.trim(),
[INFO] [stdout]    |                ++
[INFO] [stdout] 
[INFO] [stdout] 
[INFO] [stdout] error[E0023]: this pattern has 0 fields, but the corresponding tuple variant has 1 field
[INFO] [stdout]   --> src/commands/open.rs:15:13
[INFO] [stdout]    |
[INFO] [stdout] 15 |             Err() => "Failed to open ".to_string() + input.trim(),
[INFO] [stdout]    |             ^^^^^ expected 1 field, found 0
[INFO] [stdout]   --> /rustc/9610dfe5a9a731ced1ea4923ecbd0c57fe367898/library/core/src/result.rs:511:55
[INFO] [stdout]    |
[INFO] [stdout]    = note: tuple variant has 1 field
[INFO] [stdout]    |
[INFO] [stdout] help: use `_` to explicitly ignore each field
[INFO] [stdout]    |
[INFO] [stdout] 15 |             Err(_) => "Failed to open ".to_string() + input.trim(),
[INFO] [stdout]    |                 +
[INFO] [stdout] help: use `..` to ignore all fields
[INFO] [stdout]    |
[INFO] [stdout] 15 |             Err(..) => "Failed to open ".to_string() + input.trim(),
[INFO] [stdout]    |                 ++
[INFO] [stdout] 
[INFO] [stdout] 
[INFO] [stdout] error[E0599]: no method named `tostring` found for reference `&'static str` in the current scope
[INFO] [stdout]   --> src/commands/open.rs:14:32
[INFO] [stdout]    |
[INFO] [stdout] 14 |             Ok() => "Opening ".tostring() + input.trim(),
[INFO] [stdout]    |                                ^^^^^^^^ method not found in `&str`
[INFO] [stdout] 
[INFO] [stdout] 
[INFO] [stdout] error[E0599]: no method named `tostring` found for reference `&'static str` in the current scope
[INFO] [stdout]   --> src/commands/open.rs:14:32
[INFO] [stdout]    |
[INFO] [stdout] 14 |             Ok() => "Opening ".tostring() + input.trim(),
[INFO] [stdout]    |                                ^^^^^^^^ method not found in `&str`
[INFO] [stdout] 
[INFO] [stdout] 
[INFO] [stdout] error: aborting due to 4 previous errors
[INFO] [stdout] 
[INFO] [stdout] 
[INFO] [stdout] Some errors have detailed explanations: E0023, E0599.
[INFO] [stdout] 
[INFO] [stdout] For more information about an error, try `rustc --explain E0023`.
[INFO] [stdout] 
[INFO] [stdout] error: aborting due to 4 previous errors
[INFO] [stdout] 
[INFO] [stdout] 
[INFO] [stdout] Some errors have detailed explanations: E0023, E0599.
[INFO] [stdout] 
[INFO] [stdout] For more information about an error, try `rustc --explain E0023`.
[INFO] [stdout] 
[INFO] [stderr] error: could not compile `rust-bot` (bin "rust-bot") due to 5 previous errors
[INFO] [stderr] warning: build failed, waiting for other jobs to finish...
[INFO] [stderr] error: could not compile `rust-bot` (bin "rust-bot" test) due to 5 previous errors
[INFO] running `Command { std: "docker" "inspect" "4309600b78fe4bd096c188739d983f3b6cc42c4f08f4f038fdc24b67464ccf32", kill_on_drop: false }`
[INFO] running `Command { std: "docker" "rm" "-f" "4309600b78fe4bd096c188739d983f3b6cc42c4f08f4f038fdc24b67464ccf32", kill_on_drop: false }`
[INFO] [stdout] 4309600b78fe4bd096c188739d983f3b6cc42c4f08f4f038fdc24b67464ccf32
